he greatest common divisor of 3150 and 7542.
18
Calculate the highest common factor of 107 and 71.
1
What is the highest common divisor of 806 and 14690?
26
Calculate the greatest common divisor of 322916 and 1640.
164
What is the highest common factor of 16030 and 14?
14
What is the highest common factor of 1288580 and 570?
190
Calculate the greatest common factor of 155496 and 930.
186
What is the greatest common divisor of 2116 and 29026?
46
Calculate the highest common divisor of 4133428 and 754.
754
What is the highest common divisor of 210 and 3815868?
42
What is the greatest common factor of 6765 and 2585?
55
What is the highest common factor of 1166 and 47608?
22
Calculate the highest common factor of 1792 and 2828.
28
What is the highest common divisor of 43394 and 26?
26
Calculate the greatest common factor of 15 and 84795.
15
Calculate the highest common factor of 4148070 and 370.
370
What is the greatest common factor of 12 and 3532?
4
What is the highest common divisor of 13360 and 7040?
80
What is the highest common factor of 5395061 and 547?
547
What is the highest common factor of 10682 and 11554?
218
Calculate the greatest common factor of 147641 and 2132.
533
Calculate the greatest common divisor of 98 and 1468306.
14
Calculate the highest common divisor of 179 and 2864.
179
What is the highest common factor of 740464 and 976?
16
What is the highest common factor of 135 and 2952?
9
Calculate the greatest common factor of 11111 and 1897.
271
Calculate the highest common divisor of 144 and 320544.
144
Calculate the greatest common factor of 173966 and 130.
26
Calculate the greatest common divisor of 310 and 5735930.
310
Calculate the greatest common divisor of 48 and 87.
3
Calculate the greatest common factor of 1410315 and 75.
15
Calculate the highest common factor of 9160 and 600.
40
What is the greatest common divisor of 5424 and 78?
6
Calculate the highest common factor of 345 and 10661190.
345
Calculate the highest common divisor of 155 and 435.
5
What is the highest common factor of 85 and 40715?
85
What is the highest common factor of 6867 and 45?
9
What is the greatest common factor of 4 and 85603?
1
What is the greatest common divisor of 5 and 449?
1
What is the highest common divisor of 38250 and 1122?
102
Calculate the greatest common factor of 1166946 and 1716.
66
What is the greatest common factor of 60 and 55916?
4
Calculate the highest common factor of 126 and 401499.
63
What is the greatest common divisor of 13 and 37817?
13
What is the greatest common divisor of 134881 and 1178?
589
What is the highest common factor of 13072 and 38?
38
What is the greatest common factor of 9 and 3573?
9
What is the greatest common factor of 651 and 5901?
21
What is the highest common divisor of 26 and 228358?
26
Calculate the greatest common divisor of 16960 and 5920.
160
Calculate the greatest common divisor of 4638 and 42.
6
Calculate the greatest common factor of 1159392 and 16224.
1248
What is the greatest common factor of 221 and 17251?
13
Calculate the highest common factor of 113555 and 65.
65
Calculate the greatest common factor of 464 and 47212.
116
What is the greatest common divisor of 270 and 5886?
54
What is the highest common factor of 16450 and 200?
50
What is the greatest common divisor of 171080 and 15134?
658
Calculate the greatest common factor of 216 and 1967436.
108
What is the greatest common factor of 195 and 89778?
39
Calculate the greatest common divisor of 11126 and 4.
2
What is the highest common factor of 385469 and 23897?
1039
Calculate the greatest common divisor of 164 and 1684.
4
Calculate the highest common divisor of 847 and 30613.
121
Calculate the greatest common factor of 7670 and 120.
10
Calculate the highest common divisor of 5412 and 264.
132
What is the greatest common divisor of 2724 and 13164?
12
What is the greatest common divisor of 356880 and 12720?
240
Calculate the highest common factor of 27354 and 9.
3
What is the highest common divisor of 5925 and 2475?
75
What is the greatest common divisor of 137092 and 12?
4
What is the greatest common divisor of 261816 and 24?
24
What is the highest common divisor of 2745 and 120?
15
What is the highest common divisor of 24 and 137832?
24
What is the highest common factor of 3073136 and 152?
152
Calculate the greatest common divisor of 411768 and 15048.
1368
What is the greatest common factor of 1955 and 408?
17
What is the greatest common factor of 13117660 and 10?
10
What is the greatest common divisor of 873 and 51?
3
What is the highest common divisor of 500 and 9925?
25
What is the greatest common factor of 175 and 1885?
5
Calculate the highest common divisor of 60 and 4019220.
60
What is the greatest common factor of 17600 and 500?
100
What is the greatest common factor of 6370 and 30282?
98
What is the greatest common divisor of 18 and 375660?
18
Calculate the highest common factor of 63 and 90765.
9
What is the greatest common factor of 411 and 155769?
411
Calculate the highest common divisor of 3864 and 13944.
168
What is the highest common factor of 308 and 1330952?
28
Calculate the greatest common divisor of 13230 and 289800.
630
What is the highest common factor of 1735591 and 265?
53
Calculate the highest common divisor of 89838 and 129.
3
What is the highest common factor of 583 and 894905?
583
What is the greatest common factor of 231 and 3549?
21
What is the highest common factor of 1683639 and 63?
9
Calculate the greatest common factor of 180 and 687165.
15
Calculate the greatest common divisor of 19040 and 5032.
136
What is the highest common divisor of 860 and 28466?
86
What is the greatest common factor of 130096 and 282?
94
What is the highest common divisor of 484 and 1693516?
484
What is the greatest common factor of 329290 and 1495?
65
Calculate the highest common divisor of 280 and 179480.
280
Calculate the greatest common divisor of 90 and 1854.
18
Calculate the greatest common factor of 19616 and 24.
8
Calculate the highest common factor of 837 and 12183.
93
What is the highest common factor of 81543 and 3003?
231
Calculate the highest common factor of 66774 and 4650.
186
What is the greatest common factor of 104785 and 95?
95
Calculate the highest common factor of 132 and 49152.
12
Calculate the highest common factor of 1099 and 106289.
157
What is the greatest common factor of 1158 and 60409?
193
What is the greatest common divisor of 271915 and 23205?
595
Calculate the greatest common divisor of 266 and 159866.
266
What is the greatest common factor of 793 and 165646?
13
Calculate the highest common factor of 305815 and 310.
155
What is the greatest common divisor of 11776 and 155648?
512
What is the highest common divisor of 79998 and 5025?
201
Calculate the highest common divisor of 1554 and 3182.
74
What is the greatest common divisor of 306 and 886482?
306
Calculate the greatest common factor of 2268 and 2349.
81
Calculate the highest common factor of 47400 and 78368.
632
Calculate the highest common divisor of 266 and 16796.
38
What is the highest common divisor of 22743 and 27?
9
Calculate the highest common factor of 1079 and 2379.
13
Calculate the greatest common divisor of 59899 and 28.
7
Calculate the greatest common factor of 2776 and 304.
8
What is the highest common divisor of 642 and 15622?
214
Calculate the highest common factor of 1596 and 2160186.
798
Calculate the greatest common divisor of 401281 and 3358.
1679
Calculate the highest common factor of 639 and 1294614.
639
What is the greatest common factor of 630 and 5124?
42
What is the highest common factor of 2191 and 507373?
313
Calculate the greatest common factor of 284032 and 2432.
128
Calculate the greatest common factor of 1269 and 15557.
47
What is the highest common factor of 16907 and 44?
11
What is the greatest common factor of 9 and 21876?
3
Calculate the highest common factor of 416 and 193960.
104
Calculate the highest common divisor of 20648 and 14964.
116
Calculate the highest common divisor of 1032 and 763608.
24
Calculate the highest common divisor of 493258 and 46.
46
Calculate the highest common factor of 180 and 512.
4
Calculate the greatest common factor of 3707 and 187.
11
Calculate the highest common divisor of 20